s?
4
Let h = 4 - 2. Suppose 5*v - 80 = -l, -2*l - 20 - 24 = -h*v. What is the units digit of v?
7
Let k(l) = -l**2 + 6*l + 6. Let q(i) = -i**3 - 4*i**2 + 4*i + 1. Let u be q(-5). What is the units digit of k(u)?
6
Suppose 0 = -2*l - 2*l - 24. Let p be (l + 2)/(2/(-16)). Let k = p - 20. What is the tens digit of k?
1
Suppose -y + 0*j + 4*j = -14, 0 = 2*j + 10. Let t = 13 + y. What is the units digit of t?
7
Let j = 504 - 309. What is the hundreds digit of j?
1
Suppose 8 = 4*g, 2*h + g = -3*g + 22. Suppose 4*v = -2*m + 6, -5*v + h = 2*m - 0*m. What is the units digit of m?
1
Let y = 62 - 26. What is the tens digit of y?
3
Suppose x + l - 3 = 0, 0*x - 2*x + 4*l = 12. Let s(i) = -i**2 + 12. Let q be s(x). Suppose q + 23 = 5*p. What is the units digit of p?
7
Let x be 4/14 + 19/7. Let j = x - -10. What is the units digit of j?
3
Let h = 14 + -6. What is the units digit of h?
8
Suppose -12 = s - 4*s. Let f = 3 + -2. Let c = s - f. What is the units digit of c?
3
Let f(r) = -r**2 + 7*r + 1. Let x be f(7). What is the tens digit of ((-66)/18)/(x/(-3))?
1
Let l be (-7)/(-2)*2*1. Let d = l + -3. What is the units digit of d?
4
Suppose 5*d + x - 5 = 0, -2*d + x - 1 = 4. Suppose d = 5*z + 3 + 12. What is the units digit of 6 + z - (1 - 1)?
3
Let z be 2*(-1 - (-4 + 2)). Suppose -5*g = -3*g + 3*t + 4, z*g + 2 = -2*t. What is the units digit of g?
1
Let p be 2/(-3) - (-235)/15. Let b = p + -2. What is the tens digit of b?
1
Suppose 10 = i + i. Suppose -3*c - i*b = 2*c - 45, c + 4*b = 0. Suppose 5*u - 3 = c. What is the units digit of u?
3
Suppose -4*a - 8*m + 1088 = -7*m, -a + 272 = 2*m. What is the hundreds digit of a?
2
Suppose -3*x - 5 + 14 = 0. What is the units digit of x/(-2 - (-29)/13)?
3
Suppose -a + 4*g + 180 = 0, -g + 149 + 220 = 2*a. What is the tens digit of a?
8
Suppose 3*u + m = 5*m + 41, 0 = m + 2. What is the units digit of u?
1
Let y = -4 - -16. Let g be (-3)/y + (-17)/(-4). Suppose 2*n + g = 22. What is the units digit of n?
9
Suppose 4 - 20 = -4*o. Suppose 0 = 2*p - k - 10, o*k - 5 = -3*p + 3*k. Let m = p + 0. What is the units digit of m?
3
Suppose -2*b - 4*z = z + 17, 0 = -3*b - 2*z + 2. Suppose 2*l - 2 = b. Suppose n + 2*m = -0*n + 9, l*m = -6. What is the units digit of n?
3
Let r = -115 + 167. What is the tens digit of r?
5
Suppose -3*a + 204 = 72. What is the units digit of a?
4
Suppose 3*r = 5*r - 6. Suppose -3*m - 24 = -5*t, -r*t + 24 = -7*m + 2*m. What is the units digit of t?
3
Let s = 935 - 553. What is the tens digit of s?
8
Suppose -2*u + 4*l + 228 = 2*l, 2*l + 452 = 4*u. What is the tens digit of u?
1
Let f be ((-6)/(-4))/(3/4). Let v = 30 + -21. Suppose f*l = 3*l - v. What is the units digit of l?
9
Let r(o) = 20*o - 6. What is the tens digit of r(3)?
5
What is the tens digit of 8/36 - 2368/(-36)?
6
Let y = -78 - -105. What is the tens digit of y?
2
Let v(l) = -l**3 - 7*l**2 - 5*l - 3. What is the tens digit of v(-7)?
3
Suppose -235 = -4*a + 285. Suppose 4*p - a = -p. What is the units digit of p?
6
Let g(c) = c**3 - 6*c**2 - c + 2. Let y be g(7). Let j be ((-2)/(-4))/((-3)/(-24)). Suppose 2*r = 3*a + 25, j*r - 8*r + 4*a = -y. What is the units digit of r?
8
What is the units digit of 13*-1*2/(-1)?
6
Suppose -5 = -3*r - 5*q, -r - r + 5*q + 20 = 0. What is the units digit of (r - 2)*(-16)/(-6)?
8
Let z be (-4)/10 + (-918)/30. Let l = 46 - 64. Let k = l - z. What is the units digit of k?
3
Let a be 12/((9/(-6))/(-1)). What is the units digit of 0*4/12 + a?
8
Suppose 3*g + g = 64. What is the units digit of g?
6
Suppose -2*g + 4*v + 6 = -20, 0 = 5*g - v - 20. Suppose -2*d = o - 5*o + 46, 5*o - g*d = 60. What is the units digit of o?
9
Let i(h) = -h**3 - 6*h**2 - 5*h - 7. Suppose -12 = 2*f - 0. What is the units digit of i(f)?
3
Suppose 3*o - 3*w + 12 = 0, -o + 8 = -w + 3*w. Suppose -2*n = -2*g + 12 - 2, o = g - 4*n - 5. What is the units digit of g?
5
Let o = 437 + -208. What is the hundreds digit of o?
2
Let j(w) = -w**3 + 22*w**2 + 7*w + 21. Let s(q) = q**2 + q. Let u(h) = j(h) - 6*s(h). What is the tens digit of u(16)?
3
Let x(p) = -2*p**3 + 2*p**2 + 3*p - 2. Let o be x(2). What is the units digit of (19/(-4))/(o/16)?
9
Suppose -i = n - 3*i + 2, -5*n + 5*i - 10 = 0. Let m = n + 0. What is the tens digit of m/((-16)/14 + 1)?
1
Suppose -3*t + 0*w - 93 = 2*w, -3*w + 62 = -2*t. Let p = t + 59. What is the tens digit of p?
2
Suppose 0 = -2*o - 5*g + 33, -2*o - g + 2*g = -27. Let r = o - 8. Suppose 0 = 4*f - r*f + 16. What is the units digit of f?
8
Let b(y) = 13*y - 1. Let w be b(-1). Let v = w + 19. What is the units digit of v?
5
Let j(y) = -2*y + 10 + y + 2*y. Let f be (-564)/84 + 2/(-7). What is the units digit of j(f)?
3
Let v = 4 + 0. Suppose -j + v*x + 28 = 0, -4*j + 8*x - 3*x = -68. Suppose -j = 3*o - 5*o. What is the units digit of o?
6
Suppose 7*m - 5*m - 162 = 0. Let s = m + -55. What is the tens digit of s?
2
Let a = 139 + -47. Let h = a + -34. What is the units digit of h?
8
Suppose 0 = -3*a - n - n - 30, -4*n = 5*a + 48. Let i = -6 - a. What is the units digit of i?
6
Let w = -15 + 89. What is the units digit of w?
4
Let p(g) = g - 2. Let f be p(6). Let r be (f/(-2))/(-2 - -1). What is the units digit of -5 + 8 - (r + -1)?
2
Let u(l) = 5*l**3 + 9*l**2 + 9*l - 4. Let w(n) = 3*n**3 + 6*n**2 + 6*n - 3. Let s(v) = 5*u(v) - 8*w(v). Let r be s(3). What is the units digit of 4/6*(-15)/r?
2
Suppose 3*c = -2*t + 744, -4*t - 1240 = -5*c - 6*t. What is the hundreds digit of c?
2
Let d(c) = 41*c**2 + c - 1. Let j be d(1). Let l = j + -21. What is the tens digit of l?
2
Let f(t) be the second derivative of -t**3/3 - t**2/2 + 3*t. Let o be f(-4). Suppose o*q - 52 = 3*q. What is the tens digit of q?
1
What is the hundreds digit of -44*(12/(-28) - 130/56)?
1
Let n(d) = -d**2 + 13*d - 3. Let z = 0 - -5. What is the tens digit of n(z)?
3
Suppose -6*p - 2*c = -3*p - 40, -5*p = -c - 84. What is the tens digit of p?
1
Let d = -6 - -6. Suppose -4*a = 4*k - 16, 4*k + 3 + 5 = d. What is the units digit of a?
6
Suppose 0 = 6*r - 186 - 0. What is the units digit of r?
1
Let a(r) = 3*r + 3. Suppose -s = -4*x - 6, 3*s + x + x + 24 = 0. Let h be a(s). Let y = h + 21. What is the units digit of y?
6
Let j(r) = -12*r - 13. What is the tens digit of j(-5)?
4
Let c = -1 + 1. Suppose 3*z + 4 = -u, -z = -c*u - 2*u + 6. What is the units digit of u?
2
Let s = -37 - -22. Let m be 6/s + (-21)/(-15). Let y(u) = 10*u**2 + u - 1. What is the tens digit of y(m)?
1
Let q = -39 + 118. What is the units digit of q?
9
Let i be (-10)/4*(-16)/10. Let v = i + 2. What is the units digit of v?
6
Let m be (-8)/(-20)*(-1 - -31). What is the units digit of 4*-3*(-1)/m?
1
Let a = 36 - 25. What is the tens digit of a?
1
Let x(m) = m**2 + 13*m + 14. Let f be x(-12). Suppose f*s - 3 = 1. What is the units digit of (2/(-3))/(s/(-3))?
1
Let n be 3*6/(-9)*-1. Let t = 4 - n. Suppose 9 = -t*j + 5*j. What is the units digit of j?
3
What is the tens digit of (-16)/(-24) + (-649)/(-3) + -3?
1
Suppose -5*y = -10*y - 5*u + 1095, -1091 = -5*y - u. What is the hundreds digit of y?
2
Let r = -46 - -46. Let l(m) = -2*m**2 + 2*m**2 + 6 + m**2. What is the units digit of l(r)?
6
Let o(x) = -3*x + 5. Let b be o(-5). Let k = -3 + 11. Suppose -2*i = 4*z - 6*i - k, -4*z = -i - b. What is the units digit of z?
6
Let c(m) = 2*m**2 + 1. Suppose 5*w = -0*w. Suppose x - 4 = -4*r - 3, w = -r - 4*x - 11. What is the units digit of c(r)?
3
What is the hundreds digit of ((-9)/6)/(-1 + (-1202)/(-1208))?
3
Suppose 6*o + 8 = 662. What is the units digit of o?
9
Let d be (1 - 15/12)*-8. What is the tens digit of (-7*d)/((-11)/22)?
2
Let d(k) = k**3 - 2*k**2. Let o be d(2). Suppose -i - 14 + o = -z, 4*i = -8. What is the units digit of z?
2
Let i = -17 - -55. What is the tens digit of i?
3
Suppose 7*g - 4*g = 5*z - 158, 5*z = 2*g + 162. Suppose 0 = -d + 3*d + 3*p - 14, 3*p = -4*d + z. What is the units digit of d?
0
Let x be (1 - 0)/(1/(-5)). Suppose -4*k = -4*i + 59 - 19, 3*i - 2*k = 27. Let c = x + i. What is the units digit of c?
2
Let t = 128 + -72. Suppose -3*u = -3*z - 2 + t, 4*z - 2*u = 68. What is the units digit of z?
6
Let f = 18 - 9. What is the tens digit of 0 + 3/(f/42)?
1
Let j(t) = 2*t + 12. Let l(q) = -1. Let o(v) = -j(v) + 2*l(v). What is the units digit of o(-13)?
2
Suppose -3*v - 88